5 + -635?
-662
In base 4, what is -22033 - 30?
-22123
In base 15, what is -3 - 1e3?
-1e6
In base 14, what is 5 + 16?
1b
In base 15, what is -4 - 446?
-44a
In base 5, what is 23 - 42?
-14
In base 15, what is 7 - -2ad?
2b5
In base 14, what is 1a5 - 2?
1a3
In base 16, what is 2f + -1?
2e
In base 3, what is 1 - 112201?
-112200
In base 15, what is -2 - 17a?
-17c
In base 14, what is 18 + 24?
3c
In base 5, what is -143 + -12?
-210
In base 15, what is 44 - -2?
46
In base 16, what is 1 - -4e?
4f
In base 15, what is d - 9?
4
In base 3, what is 101 - 221?
-120
In base 9, what is -10 - 60?
-70
In base 3, what is 102 - -1021?
1200
In base 15, what is 0 - d4?
-d4
In base 12, what is -2 - 94?
-96
In base 9, what is -4 + 17?
13
In base 3, what is -121222 + -10?
-122002
In base 12, what is -10 + 1447?
1437
In base 8, what is -1 - -121?
120
In base 11, what is -9 + -9?
-17
In base 8, what is -17 + 1162?
1143
In base 4, what is -3021 + 2?
-3013
In base 7, what is -21 - -1033?
1012
In base 14, what is 3a10 - 2?
3a0c
In base 7, what is 613 + 4?
620
In base 9, what is 170 - -6?
176
In base 4, what is -31313 + 21?
-31232
In base 2, what is -111 - 1100010?
-1101001
In base 16, what is -6 + -167?
-16d
In base 9, what is 6 - 1434?
-1427
In base 16, what is -25 - 103?
-128
In base 15, what is -6c7 - -3?
-6c4
In base 15, what is 112 + -2b?
d6
In base 15, what is 23 + -5?
1d
In base 10, what is 27 - 2?
25
In base 13, what is -a - -286?
279
In base 11, what is a77 - 3?
a74
In base 16, what is -3 + -fc?
-ff
In base 2, what is 111101011011 - -101?
111101100000
In base 6, what is 254 - -1?
255
In base 2, what is -1011011101 + 101?
-1011011000
In base 7, what is -3 - 265?
-301
In base 12, what is -3a7 + -b?
-3b6
In base 11, what is -419 - -14?
-405
In base 2, what is -11101110 + 110?
-11101000
In base 3, what is 112 - -22?
211
In base 3, what is -10 - 1001?
-1011
In base 11, what is 5 + -76?
-71
In base 11, what is -1 - a22?
-a23
In base 11, what is 21 + 13?
34
In base 11, what is -13 - a?
-22
In base 12, what is -1 + -395?
-396
In base 15, what is -724 - 5?
-729
In base 6, what is 0 + 3323?
3323
In base 6, what is 20 - 4?
12
In base 12, what is 106 - -6?
110
In base 6, what is -23 + -23?
-50
In base 5, what is -20 + -111?
-131
In base 5, what is -2 - 222?
-224
In base 16, what is -10 + -d?
-1d
In base 8, what is 1 - -702?
703
In base 9, what is 72 + 2?
74
In base 9, what is -3 - -7?
4
In base 8, what is -14 + -1451?
-1465
In base 15, what is 3 + -e6?
-e3
In base 3, what is 112021 + 11?
112102
In base 9, what is 134 + -23?
111
In base 9, what is -1117 - -4?
-1113
In base 5, what is 320 + -22?
243
In base 3, what is 11 + 1201102?
1201120
In base 14, what is -3 + -8bd?
-8c2
In base 12, what is -3 + 65?
62
In base 2, what is -10011011011101 + -1?
-10011011011110
In base 5, what is 423 + -100?
323
In base 11, what is 5887 - 3?
5884
In base 8, what is -4227 + 3?
-4224
In base 14, what is 4 + 3?
7
In base 11, what is 31a3 - -5?
31a8
In base 14, what is -8d51 - -1?
-8d50
In base 4, what is 3 - -2022?
2031
In base 13, what is 1 - 9?
-8
In base 5, what is -111343 + -4?
-111402
In base 10, what is -57 + -21?
-78
In base 3, what is -11 + -1112?
-1200
In base 14, what is -651 + -1?
-652
In base 2, what is 1110111 + -1000000?
110111
In base 5, what is -4 - -11?
2
In base 15, what is 5 + 37?
3c
In base 10, what is 12 + 88?
100
In base 13, what is a7 - 28?
7c
In base 11, what is 164 - -4?
168
In base 5, what is 112 + -4?
103
In base 12, what is 8 - -7?
13
In base 7, what is -34 + -1666?
-2033
In base 8, what is 104 - -3?
107
In base 4, what is 21 + 113?
200
In base 6, what is 234 - 2?
232
In base 5, what is -1123 + 14?
-1104
In base 16, what is 3 + -3?
0
In base 6, what is 5 + -131?
-122
In base 5, what is -4 + 131?
122
In base 3, what is -1212 + -11011?
-20000
In base 4, what is 130 - 10?
120
In base 8, what is -5 + -301?
-306
In base 14, what is 4 - -314?
318
In base 10, what is -2145 + -2?
-2147
In base 5, what is -1212324 + 2?
-1212322
In base 9, what is 2 + 38?
41
In base 16, what is -6 + -4?
-a
In base 8, what is 251 - 3?
246
In base 11, what is -a - -353?
344
In base 14, what is 3a7 + 1?
3a8
In base 3, what is -10110002 - -12?
-10102220
In base 13, what is -4 + -1187?
-118b
In base 4, what is -10 - -103?
33
In base 9, what is 3 - -561?
564
In base 12, what is -17a8 + 2?
-17a6
In base 2, what is -1101000010111 + -101?
-1101000011100
In base 3, what is 21 - -2010212?
2011010
In base 11, what is -1787 + 3?
-1784
In base 2, what is 0 + 111001100?
111001100
In base 7, what is -1150 + -5?
-1155
In base 7, what is 11604 + 2?
11606
In base 12, what is -12b - -2?
-129
In base 2, what is 1010 - 1100?
-10
In base 16, what is -c + -2d?
-39
In base 12, what is 1 - 5?
-4
In base 11, what is 1 - -31?
32
In base 3, what is -102221 + 11?
-102210
In base 2, what is 1001010111111 - 0?
1001010111111
In base 16, what is -d + 0?
-d
In base 11, what is 20661 + -2?
2065a
In base 10, what is -1 + 1?
0
In base 14, what is 1 + -63?
-62
In base 2, what is -1 - -101000?
100111
In base 13, what is 372 + 3?
375
In base 13, what is 2 + -638?
-636
In base 11, what is -995 + 2?
-993
In base 10, what is -42 - -2?
-40
In base 2, what is 100 - 1011000?
-1010100
In base 3, what is 12012202 - 1?
12012201
In base 5, what is 1423 - 10?
1413
In base 2, what is 1 - -1110100?
1110101
In base 8, what is 1202 - 6?
1174
In base 9, what is 5 - -61?
66
In base 9, what is 11 - 277?
-266
In base 6, what is -344 + -2?
-350
In base 6, what is -33 + 453?
420
In base 7, what is 636 + 0?
636
In base 11, what is 4 - -180?
184
In base 2, what is -1001011110011 + -101?
-1001011111000
In base 16, what is -5dd + 3?
-5da
In base 16, what is -5 + 37?
32
In base 3, what is 0 + 1010212?
1010212
In base 3, what is 1 + -111211?
-111210
In base 9, what is 4 - 3480?
-3475
In base 11, what is -6a + 13?
-57
In base 12, what is -2 - -34a?
348
In base 8, what is -3 - 1120?
-1123
In base 10, what is -19 - -116?
97
In base 13, what is -88 + 5?
-83
In base 9, what is 2 - 2187?
-2185
In base 3, what is 1001022 + 1?
1001100
In base 10, what is 3969 - -3?
3972
In base 5, what is 3 - 102?
-44
In base 5, what is -1012 + 122?
-340
In base 14, what is -da - -a?
-d0
In base 14, what is 6 + 59a?
5a2
In base 6, what is 13532 + 5?
13541
In base 7, what is -33 + -16?
-52
In base 14, what is 1b09 + 2?
1b0b
In base 16, what is -8 + 69?
61
In base 13, what is a - 9a2?
-995
In base 13, what is -1 + -ac?
-b0
In base 10, what is 9 + -9?
0
In base 6, what is 4 + 100?
104
In base 12, what is -1 + -b8?
-b9
In base 2, what is -11 + -10011101?
-10100000
In base 4, what is 221 - 101?
120
In base 5, what is 2043033 + -4?
2043024
In base 4, what is -113 - -1020?
301
In base 12, what is 0 - 3b?
-3b
In base 15, what is -21 - 1?
-22
In base 5, what is -4 + 201?
142
In base 8, what is 26 + 106?
134
In base 4, what is 0 - -3100?
3100
In base 15, what is -2c + 2?
-2a
In base 10, what is -4 + -6?
-10
In base 5, what is -30304 + 23?
-30231
In base 12, what is -8 + -1?
-9
In base 7, what is -1 - 0?
-1
In base 10, what is -372 - 2?
-374
In base 10, what is 2309 - -4?
2313
In base 15, what is 34 - 5b?
-27
In base 11, what is -3 + 433?
430
In base 11, what is -8 - 18?
-25
In base 7, what is -54 + -4?
-61
In base 11, what is -9 - -152?
144
In base 6, what is 3 - 143?
-140
In base 13, what is 3a2a - -1?
3a2b
In base 2, what is 101 - -1010001110?
1010010011
In base 15, what is -14 + 4?
-10
In base 7, what is -560 - 4?
-564
In base 5, what is 1110 + 2?
1112
In base 2, what is -1100110 - 1?
-1100111
In base 16, what is 0 + -5b?
-5b
In base 15, what is -33 - -c?
-26
In base 6, what is -3 - 30512?
-30515
In base 5, what is 234 - 10?
224
In base 6, what is -21413 + -4?
-21421
In base 15, what is -156 - 4?
-15a
In base 8, what is 144 - 2?
142
In base 9, what is 5 - -107?
113
In base 12, what is 8 - -36?
42
In base 9, what is 1 - 3670?
-3668
In base 4, what is 20002 - 103?
13233
In base 6, what is 2 - 3402?
-3400
In base 3, what is -11220 - -11?
-11202
In base 3, what is 10 + -11001?
-10221
In base 9, what is -27 - -8?
-18
In base 12, what is 4b7 - 5?
4b2
In base 10, what is -5 + -43?
-48
In base 3, what is 11 + -202122?
-202111
In base 13, what is 39 - -1?
3a
In base 4, what is 10 - -111?
121
In base